{"version":"1.0","provider_name":"Esp\u00edgul","provider_url":"https:\/\/www.espigul.com\/de\/","author_name":"Esp\u00edgul","author_url":"https:\/\/www.espigul.com\/de\/","title":"Renovierte Au\u00dfenwohnung in der Calle Montesa, Goya - Esp\u00edgul","type":"rich","width":600,"height":338,"html":"<blockquote class=\"wp-embedded-content\" data-secret=\"fxHbtymPJP\"><a href=\"https:\/\/www.espigul.com\/de\/immobles\/renovierte-aussenwohnung-in-der-calle-montesa-goya\/\">Renovierte Au\u00dfenwohnung in der Calle Montesa, Goya<\/a><\/blockquote><iframe sandbox=\"allow-scripts\" security=\"restricted\" src=\"https:\/\/www.espigul.com\/de\/immobles\/renovierte-aussenwohnung-in-der-calle-montesa-goya\/embed\/#?secret=fxHbtymPJP\" width=\"600\" height=\"338\" title=\"&#8222;Renovierte Au\u00dfenwohnung in der Calle Montesa, Goya&#8220; &#8211; Esp\u00edgul\" data-secret=\"fxHbtymPJP\" frameborder=\"0\" marginwidth=\"0\" marginheight=\"0\" scrolling=\"no\" class=\"wp-embedded-content\"><\/iframe><script type=\"text\/javascript\">\n\/* <![CDATA[ *\/\n\/*! This file is auto-generated *\/\n!function(d,l){\"use strict\";l.querySelector&&d.addEventListener&&\"undefined\"!=typeof URL&&(d.wp=d.wp||{},d.wp.receiveEmbedMessage||(d.wp.receiveEmbedMessage=function(e){var t=e.data;if((t||t.secret||t.message||t.value)&&!\/[^a-zA-Z0-9]\/.test(t.secret)){for(var s,r,n,a=l.querySelectorAll('iframe[data-secret=\"'+t.secret+'\"]'),o=l.querySelectorAll('blockquote[data-secret=\"'+t.secret+'\"]'),c=new RegExp(\"^https?:$\",\"i\"),i=0;i<o.length;i++)o[i].style.display=\"none\";for(i=0;i<a.length;i++)s=a[i],e.source===s.contentWindow&&(s.removeAttribute(\"style\"),\"height\"===t.message?(1e3<(r=parseInt(t.value,10))?r=1e3:~~r<200&&(r=200),s.height=r):\"link\"===t.message&&(r=new URL(s.getAttribute(\"src\")),n=new URL(t.value),c.test(n.protocol))&&n.host===r.host&&l.activeElement===s&&(d.top.location.href=t.value))}},d.addEventListener(\"message\",d.wp.receiveEmbedMessage,!1),l.addEventListener(\"DOMContentLoaded\",function(){for(var e,t,s=l.querySelectorAll(\"iframe.wp-embedded-content\"),r=0;r<s.length;r++)(t=(e=s[r]).getAttribute(\"data-secret\"))||(t=Math.random().toString(36).substring(2,12),e.src+=\"#?secret=\"+t,e.setAttribute(\"data-secret\",t)),e.contentWindow.postMessage({message:\"ready\",secret:t},\"*\")},!1)))}(window,document);\n\/\/# sourceURL=https:\/\/www.espigul.com\/wp-includes\/js\/wp-embed.min.js\n\/* ]]> *\/\n<\/script>\n","thumbnail_url":"https:\/\/www.espigul.com\/wp-content\/uploads\/2025\/11\/vivienda-reformada-exterior-en-calle-montesa-goya-22416763.webp","thumbnail_width":1600,"thumbnail_height":1132,"description":"Eleganz und Komfort verschmelzen in dieser exklusiven 166 m\u00b2 gro\u00dfen Au\u00dfenwohnung mit gro\u00dfem Wohn-Esszimmer, amerikanischer K\u00fcche und privater Terrasse. Drei Schlafzimmer, zwei davon en suite, luxuri\u00f6se Ausstattungen und edle Materialien definieren einen zeitgen\u00f6ssischen und anspruchsvollen Raum, ideal, um den urbanen Charme des Stadtteils Salamanca zu genie\u00dfen."}

Espígul

Renovierte Außenwohnung in der Calle Montesa, Goya - Espígul

<blockquote class="wp-embedded-content" data-secret="fxHbtymPJP"><a href="https://www.espigul.com/de/immobles/renovierte-aussenwohnung-in-der-calle-montesa-goya/">Renovierte Außenwohnung in der Calle Montesa, Goya</a></blockquote><iframe sandbox="allow-scripts" security="restricted" src="https://www.espigul.com/de/immobles/renovierte-aussenwohnung-in-der-calle-montesa-goya/embed/#?secret=fxHbtymPJP" width="600" height="338" title="&#8222;Renovierte Außenwohnung in der Calle Montesa, Goya&#8220; &#8211; Espígul" data-secret="fxHbtymPJP" frameborder="0" marginwidth="0" marginheight="0" scrolling="no" class="wp-embedded-content"></iframe><script type="text/javascript">
/* <![CDATA[ */
/*! This file is auto-generated */
!function(d,l){"use strict";l.querySelector&&d.addEventListener&&"undefined"!=typeof URL&&(d.wp=d.wp||{},d.wp.receiveEmbedMessage||(d.wp.receiveEmbedMessage=function(e){var t=e.data;if((t||t.secret||t.message||t.value)&&!/[^a-zA-Z0-9]/.test(t.secret)){for(var s,r,n,a=l.querySelectorAll('iframe[data-secret="'+t.secret+'"]'),o=l.querySelectorAll('blockquote[data-secret="'+t.secret+'"]'),c=new RegExp("^https?:$","i"),i=0;i<o.length;i++)o[i].style.display="none";for(i=0;i<a.length;i++)s=a[i],e.source===s.contentWindow&&(s.removeAttribute("style"),"height"===t.message?(1e3<(r=parseInt(t.value,10))?r=1e3:~~r<200&&(r=200),s.height=r):"link"===t.message&&(r=new URL(s.getAttribute("src")),n=new URL(t.value),c.test(n.protocol))&&n.host===r.host&&l.activeElement===s&&(d.top.location.href=t.value))}},d.addEventListener("message",d.wp.receiveEmbedMessage,!1),l.addEventListener("DOMContentLoaded",function(){for(var e,t,s=l.querySelectorAll("iframe.wp-embedded-content"),r=0;r<s.length;r++)(t=(e=s[r]).getAttribute("data-secret"))||(t=Math.random().toString(36).substring(2,12),e.src+="#?secret="+t,e.setAttribute("data-secret",t)),e.contentWindow.postMessage({message:"ready",secret:t},"*")},!1)))}(window,document);
//# sourceURL=https://www.espigul.com/wp-includes/js/wp-embed.min.js
/* ]]> */
</script>

Eleganz und Komfort verschmelzen in dieser exklusiven 166 m² großen Außenwohnung mit großem Wohn-Esszimmer, amerikanischer Küche und privater Terrasse. Drei Schlafzimmer, zwei davon en suite, luxuriöse Ausstattungen und edle Materialien definieren einen zeitgenössischen und anspruchsvollen Raum, ideal, um den urbanen Charme des Stadtteils Salamanca zu genießen.
